 = -9*z + 3*z. Give a(z).
-6
Let h(f) = f**2 - 7*f - 1. Suppose 5*v - 73 = -2*x, -3*x + 50 - 3 = -5*v. Suppose 0 = 3*s - x + 6. Give h(s).
-7
Let v(u) = -3*u + 65. Let j be v(20). Let m(x) = -x**2 + 6. Give m(j).
-19
Let y(l) be the third derivative of l**4/24 - l**3 + l**2. Let a(w) = -7*w - 1. Let d be a(-1). Let h be 33/9 + (-4)/d. What is y(h)?
-3
Let n(l) = -28*l**2 - 4*l + 14*l**2 + 6*l + 15*l**2 + l**3 - l + 8. Suppose 0 = k - 5*k. Suppose -2*b + 4*b = k. Give n(b).
8
Let m(s) = 0*s**2 - 3 + 6 - 2*s**2 - 3*s. Let a(c) = 3*c**3 - 2*c**3 - 5*c**3 - 2*c**2 + 3*c + 3*c**3 - 3. Let i be a(-3). Determine m(i).
-6
Let z be 6/6 + 2/(-2). Suppose 0*n + 3*n = z. Let i be (2 - 0) + -3 - n. Let m(t) = 4*t**2. Give m(i).
4
Let k be (-7)/(-14) + 2/4. Let t(j) = 2*j + 1. Determine t(k).
3
Let z(n) be the second derivative of n**3/6 + 5*n**2/2 - 25*n. Determine z(0).
5
Let r(h) = -2*h**3 - 2*h**2 + 1. Let p = 8 + -9. Give r(p).
1
Suppose -2*c = -4*j - 24, 5*c - 3*j = 14 + 11. Suppose c = -2*q + 12. Let y(w) = 2 + 9*w**2 - 4*w - 8*w**2 - 2*w + 4. Determine y(q).
1
Let t(s) = -6*s. Let h be t(1). Let w(r) = -6*r**3 + 6*r**2 - 5*r + 2. Let g(z) = -7*z**3 + 6*z**2 - 6*z + 3. Let p(d) = h*w(d) + 5*g(d). Calculate p(6).
3
Let w(o) = 6*o - 32. Let k(j) = -2*j + 11. Let y(q) = -17*k(q) - 6*w(q). What is y(5)?
-5
Let o(j) = 1 - j**2 + j**3 - 5*j**2 + 6*j + 0*j**2. Let c(s) = 4*s**2 - 2*s - 1. Let a be c(-1). Calculate o(a).
6
Suppose -2*d - d - 4*w + 4 = 0, -d = -5*w + 5. Suppose -3*h + d*h = 3. Let f(u) = -6*u. What is f(h)?
6
Let x(k) = 5*k**3 + 2*k**2 + 4*k - 3. Let r(b) = 5*b**3 + 3*b**2 + 5*b - 4. Let d(y) = 4*r(y) - 5*x(y). Determine d(1).
-4
Let v(y) = -y**3 - 4*y**2 + 7*y + 5. Let j = 12 + -9. Let w be (2/6)/(j/(-45)). Give v(w).
-5
Let v(q) = -2*q + 5. Let h(t) = 2*t - 4. Let m(r) = -6*h(r) - 5*v(r). Determine m(-5).
9
Let j = 16 + -19. Let c(a) = -a**3 - 3*a**2 + 3*a - 2. Calculate c(j).
-11
Let h(i) be the first derivative of i - 1/2*i**2 - 2. Let g = 3 - 5. Calculate h(g).
3
Let u = -7 + 12. Let f(h) = 5*h - 1 - u*h + 6*h. Suppose -4*i + 18 = 2*m, 4*m - 2*i + 3*i = 8. What is f(m)?
5
Let a(k) = 2*k + 1. Let b be 3 + -1 + -2 + 2. Let n be a(b). Let c(m) = m**2 - 4*m + 2. Determine c(n).
7
Let b(k) = k**3 - 5*k**2 - 4*k - 6. Let d be b(6). Let i(q) = -q**2 + 6*q - 5. Determine i(d).
-5
Let k(q) = -q + 1. Let t = 8 - 4. Suppose 0 = t*y - 12, 4*o = -0*y - 4*y + 36. Calculate k(o).
-5
Let v(s) = -2*s - 10. Let h be v(-10). Suppose 2*l - h + 2 = -2*a, 5*a + 34 = 4*l. Let k(r) = r + 2*r - 4*r. What is k(l)?
-6
Let o(j) = 2*j + 3. Suppose 4*q = -4, 19 = -4*u - 5*q - 2. Give o(u).
-5
Let l(f) = -3*f**2 + f**2 + 3*f**2 + f. Let i = 3 + -2. Give l(i).
2
Let p(x) = 6*x**3 - 7*x - 1. Let z(u) = -5*u**3 + u**2 + 7*u + 1. Let s(h) = -4*p(h) - 5*z(h). Give s(6).
-7
Let k(x) = -x**2 + 6*x - 2. Let u(a) = a**2 - 5*a + 2. Let d be (3 - 5) + -5 + 2. Let n(h) = d*k(h) - 6*u(h). Calculate n(0).
-2
Suppose 2*o - r + 10 = -3*r, 0 = 2*r - 6. Let y = -7 - o. Let b(k) = 9 + 4 + k - y. What is b(-5)?
7
Let v(p) = -p**2 - 8*p - 5. Let h = 10 - 17. Give v(h).
2
Suppose -3*t + 2*t - 8 = 0. Let x = t - -8. Let m(q) = -q**3 - q**2 + 10. Give m(x).
10
Let f(u) = -2*u**2 + 3*u + 3. Let y = -27 + 45. Suppose 0*k + 3*k - y = 0. Let o(b) = -b**2 + b + 1. Let v(h) = k*f(h) - 17*o(h). What is v(-1)?
5
Let t(g) be the second derivative of -g**4/12 + g**3/3 + g**2 - 13*g. What is t(3)?
-1
Suppose -2*z - 7 = 3. Let q(h) be the first derivative of h**5/120 + h**4/2 - h**3/3 + 1. Let g(x) be the third derivative of q(x). What is g(z)?
7
Let c(z) be the first derivative of -z**2 - 4*z + 4. Let a(u) = -2*u**2 + 5*u - 3. Let f be a(3). Determine c(f).
8
Suppose 13 = -q + 3*x, 2 = q + 2*x - 5. Let n = -5 - q. Let t(v) = -v + 6. Let c(m) = -1. Let z(w) = -6*c(w) - t(w). Give z(n).
-4
Let h(j) = -j - 1. Let r(m) = -3*m - 13. Let k be r(-6). What is h(k)?
-6
Let o(u) = 3*u**2 + u**3 - 8*u**2 + 4 + u + 0*u**3. Give o(4).
-8
Let k(w) be the second derivative of -w**3/3 + 3*w**2/2 + 10*w. Calculate k(6).
-9
Suppose -2*k - k = 0. Suppose 3*y + 2 = -a, -3*a + 0*a - 2*y + 1 = k. Let c(m) = -2*m**2 + 0*m**2 - 2*m**2. Calculate c(a).
-4
Let b(l) = -l**2 - 7*l - 4. Let x be b(-3). Let p = x + -6. Let c(i) = -i**2 + 3 + 2 - 3 - i - i**3. What is c(p)?
-12
Suppose -15 - 1 = 4*g. Let h(t) = -4*t + 4*t - t - 1. Calculate h(g).
3
Let v(s) = -s**2 + 7*s - 2. Let g(t) = t**3 - t**2 - 2*t + 4. Let i be g(3). Let u = i - 10. What is v(u)?
4
Suppose 2*c - 13 = -13. Let v(d) = -d**3 + d**2 + 9. Give v(c).
9
Let f(g) = -3*g**2 - 1 + g - 2*g + 3*g. Suppose 5*z - 4*c = 13, 4*z - c = 5*z + 1. Calculate f(z).
-2
Suppose 0 = -5*g + 28 - 3. Suppose -3*b + g + 7 = 0. Let x(z) be the second derivative of -z**5/20 + 5*z**4/12 - 7*z**3/6 + 3*z**2 + z. Calculate x(b).
-6
Let o = 1 - 5. Let q be 3/(-3*2)*o. Let h(c) = -3*c**2 + q*c + 5*c**2 + 2*c - 1. Determine h(-3).
5
Let k(y) = -y - 3. Let a be -5*(-2)/(-10)*4. Let s(m) = m**3 + 3*m**2 - 6*m - 6. Let b be s(a). Let h be b/4*0*1. Determine k(h).
-3
Suppose 8 = 4*h - 8. Let b(d) = -4*d**2 + h*d**2 - 3*d**2. What is b(-2)?
-12
Suppose 2*r + 0*r + 10 = 0. Let z(j) = 2*j + 4. What is z(r)?
-6
Let i(f) be the first derivative of 0*f + 2 + f**2 + 1/4*f**4 - 2/3*f**3. Let k be i(2). Let y(g) = g**2 - 4*g - 1. Calculate y(k).
-1
Let b(w) = w**2 + 5*w - 3. Let s be 6/21 + (-23)/7. Let g(l) = -l**2 + 4. Let u be g(s). Calculate b(u).
-3
Let y(h) = -13 - 3*h + 5 + 18*h + 7. Give y(1).
14
Let m(d) = -d**3 - 4*d**2 + 4*d + 1. Let l = 9 - 7. Let i be -4*3/(l + 1). Determine m(i).
-15
Let z(m) = m**3 + 8*m**2 + 6*m - 5. Let i = 10 + -17. Determine z(i).
2
Suppose -90 = -4*r - 38. Let f = 16 - r. Let j(d) be the third derivative of -d**5/30 + d**4/6 + d**3/6 - d**2. Calculate j(f).
-5
Let o(q) be the first derivative of -q**2 - 22. Let c = 2 - 1. What is o(c)?
-2
Let q(u) = -u**2 - 4*u - 4. Let v be (-3 - (-6)/4)*2. Let i be q(v). Let p(k) be the first derivative of -k**3 - 1. Calculate p(i).
-3
Let v(k) = -k + 3. Let j be v(0). Let g(f) be the second derivative of -f**4/6 + 5*f**3/6 - 2*f. Let c(h) = -1. Let i(u) = -3*c(u) - g(u). What is i(j)?
6
Let c(f) = 5*f**2 + f. Suppose -t = 1 - 9. Suppose 8 = -0*w + 2*w. Let b be (-6)/w + 4/t. Give c(b).
4
Let h(m) = 9*m - 9. Let o(l) = -14*l + 13. Let a(n) = 8*h(n) + 5*o(n). What is a(5)?
3
Let d(x) = -x**3 + 5*x**2 - 5*x + 2. Let o(k) = k**2 + 2 - 7*k - 2 + 5*k. Let a be o(3). Calculate d(a).
5
Let d = -84 + 92. Let i(n) = -n**2 + 8*n - 4. What is i(d)?
-4
Let g(p) = p**3 - 8*p**2 + 9*p - 10. Let i be g(7). Let b(j) = -2*j + 2. What is b(i)?
-6
Suppose -6 = -6*t - 12. Let j(l) = l**3 + 2*l**2 - 1. Calculate j(t).
0
Let k(n) = -n - 15. Let w be k(-18). Let f(i) be the third derivative of -i**6/120 + i**5/30 + i**4/24 + i**3/6 - 2*i**2. Calculate f(w).
-5
Let h(r) = r**3 + 8*r**2 + 8*r + 8. Let t be h(-7). Let n(c) = -c**3 + 3*c**2 - 3*c**2 + 10*c**3 - t - c + c**2. Give n(-1).
-8
Let v(d) = -d - 2. Let s be v(-5). Let r(y) = -5*y + 6. Let k(p) be the second derivative of p**3/6 - p**2/2 + p. Let b(a) = -11*k(a) - 2*r(a). What is b(s)?
-4
Let n be (-12)/28 + (-16)/28. Let r(y) = 3*y**3 + 3. Let b(i) = 2*i**3 - i + 4. Let u(z) = 2*b(z) - 3*r(z). What is u(n)?
6
Let o(q) be the first derivative of -q**2/2 + 3*q - 6. Let x(u) = -2*u + 3. Let m(p) = -2*o(p) + 3*x(p). Determine m(3).
-9
Let x(j) = -2*j**2 + 5*j + 1. Let d = -22 + 26. What is x(d)?
-11
Let o(a) = -a - 1. Let f be o(-3). Suppose -5*n - 35 = -5*l, l = 3*n + n + 22. Let s(z) = -2*z + z**2 - 3*z + 0*z**l + 1. Give s(f).
-5
Let a = 69 + -63. Let v(z) be the second derivative of z**4/12 - 5*z**3/6 - 2*z**2 - z. Calculate v(a).
2
Let s(l) be the third derivative of l**6/120 - l**5/30 - 4*l**2. Let z be s(1). Let a be z - (4*3)/3. Let o(u) = -u**3 - 5*u**2 + u + 5. Calculate o(a).
0
Let d(i) = -i**2 - i + 2. Let k = 16 + -20. Give d(k).
-10
Let n(s) be the second derivative of -s**5/20 + 5*s**4/12 - s**3/2 - 5*s**2/2 - 5*s. What is n(4)?
-1
Suppose 4*n = 2*l + 5 - 53, -2*l + 69 = 3*n. Let d(r) = 54*r - 9*r - l*r. Give d(1).
15
Let p(h) = -7 - 3*h**3 - 5*h**2 - 4*h + 0*h**2 - h**3 + 5*h**3. Determine p(6).
5
Let m = -172 - -172. Let f(h) be the third derivative of 1/24*h**4 + 2*h**2 + m*h + 0 + 7/